{"id":57,"date":"2023-12-26T19:31:23","date_gmt":"2023-12-26T19:31:23","guid":{"rendered":"https:\/\/achetermdma.com\/?page_id=57"},"modified":"2025-11-19T19:23:36","modified_gmt":"2025-11-19T19:23:36","slug":"contact-nous","status":"publish","type":"page","link":"https:\/\/achetermdma.com\/index.php\/contact-nous\/","title":{"rendered":"Contact nous"},"content":{"rendered":"<p><strong>Contactez-nous :<\/strong><\/p>\n<p><img loading=\"lazy\" decoding=\"async\" class=\"alignnone size-full wp-image-157\" src=\"https:\/\/swissfish.cc\/wp-content\/uploads\/2025\/07\/threema.jpg\" alt=\"\" width=\"301\" height=\"167\" \/>\u00a0<img loading=\"lazy\" decoding=\"async\" class=\"alignnone size-medium wp-image-158\" src=\"https:\/\/swissfish.cc\/wp-content\/uploads\/2025\/07\/threema3-300x169.jpg\" sizes=\"auto, (max-width: 300px) 100vw, 300px\" srcset=\"https:\/\/swissfish.cc\/wp-content\/uploads\/2025\/07\/threema3-300x169.jpg 300w, https:\/\/swissfish.cc\/wp-content\/uploads\/2025\/07\/threema3-1024x576.jpg 1024w, https:\/\/swissfish.cc\/wp-content\/uploads\/2025\/07\/threema3-768x432.jpg 768w, https:\/\/swissfish.cc\/wp-content\/uploads\/2025\/07\/threema3-1536x864.jpg 1536w, https:\/\/swissfish.cc\/wp-content\/uploads\/2025\/07\/threema3-600x338.jpg 600w, https:\/\/swissfish.cc\/wp-content\/uploads\/2025\/07\/threema3.jpg 1920w\" alt=\"\" width=\"300\" height=\"169\" \/><\/p>\n<p>As of July 5, 2025, due to security issues, Telegram issues, and Signal slowness.<\/p>\n<ol>\n<li>\n<h1 class=\"site-title text-center\"><\/h1>\n<header class=\"entry-header\">\n<h1><em>Signal @telecomadrid.20<\/em><\/h1>\n<h1><strong>+34617763108 \u2013 whatsapp signal\u00a0 telegram \u2013 panterarosa1772@gmail.com \u2013 19.11.2025 \u2013 new<\/strong><\/h1>\n<\/header>\n<\/li>\n<li>\n<div class=\"entry-content\"><\/div>\n<h1 class=\"site-title text-center\"><strong>\u2013 Nestor \u2013 englais or espagnol SVP<\/strong><\/h1>\n<\/li>\n<li>\n<h1>\u00a0Threema: <strong>CJBZ5SZX<\/strong><\/h1>\n<\/li>\n<\/ol>\n<p>Notre horaire est du lundi au samedi. Les exp\u00e9ditions sont effectu\u00e9es uniquement du lundi au vendredi.<\/p>\n<p>Nous sommes ferm\u00e9s le dimanche.<\/p>\n<div class='smartthreema_box'><img src='https:\/\/achetermdma.com\/wp-content\/plugins\/smart-threema\/images\/floating-button-threema-klein.png' class='smartthreema_img'><a href='https:\/\/three.ma\/CJBZ5SZX' target='_blank' class='smartthreema_link'>Please Download Threema App<\/a><br><div class='smartthreema_minimsg'>to your Mobile Device and click again<\/div><\/div>","protected":false},"excerpt":{"rendered":"<p>Contactez-nous : \u00a0 As of July 5, 2025, due to security issues, Telegram issues, and Signal slowness. Signal @telecomadrid.20 +34617763108 \u2013 whatsapp signal\u00a0 telegram \u2013 panterarosa1772@gmail.com \u2013 19.11.2025 \u2013 new \u2013 Nestor \u2013 englais or espagnol SVP \u00a0Threema: CJBZ5SZX Notre <a class=\"more-link\" href=\"https:\/\/achetermdma.com\/index.php\/contact-nous\/\">Continuer la lecture <span class=\"screen-reader-text\">  Contact nous<\/span><span class=\"meta-nav\">&rarr;<\/span><\/a><\/p>\n","protected":false},"author":1,"featured_media":0,"parent":0,"menu_order":0,"comment_status":"closed","ping_status":"closed","template":"","meta":{"footnotes":""},"class_list":["post-57","page","type-page","status-publish","hentry"],"yoast_head":"<!-- This site is optimized with the Yoast SEO plugin v27.6 - https:\/\/yoast.com\/product\/yoast-seo-wordpress\/ -->\n<title>Contact nous - Dealers des quais de Paris - Acheter MDMA Paris, Acheter MDMA Lyon, Acheter MDMA France - Online MDMA Shop France - +34617763108 - whatsapp signal telegram - panterarosa1772@gmail.com &ndash; Threema: CJBZ5SZX<\/title>\n<meta name=\"robots\" content=\"index, follow, max-snippet:-1, max-image-preview:large, max-video-preview:-1\" \/>\n<link rel=\"canonical\" href=\"https:\/\/achetermdma.com\/index.php\/contact-nous\/\" \/>\n<meta property=\"og:locale\" content=\"fr_FR\" \/>\n<meta property=\"og:type\" content=\"article\" \/>\n<meta property=\"og:title\" content=\"Contact nous - Dealers des quais de Paris - Acheter MDMA Paris, Acheter MDMA Lyon, Acheter MDMA France - Online MDMA Shop France - +34617763108 - whatsapp signal telegram - panterarosa1772@gmail.com &ndash; Threema: CJBZ5SZX\" \/>\n<meta property=\"og:description\" content=\"Contactez-nous : \u00a0 As of July 5, 2025, due to security issues, Telegram issues, and Signal slowness. Signal @telecomadrid.20 +34617763108 \u2013 whatsapp signal\u00a0 telegram \u2013 panterarosa1772@gmail.com \u2013 19.11.2025 \u2013 new \u2013 Nestor \u2013 englais or espagnol SVP \u00a0Threema: CJBZ5SZX Notre Continuer la lecture  Contact nous&rarr;\" \/>\n<meta property=\"og:url\" content=\"https:\/\/achetermdma.com\/index.php\/contact-nous\/\" \/>\n<meta property=\"og:site_name\" content=\"Dealers des quais de Paris - Acheter MDMA Paris, Acheter MDMA Lyon, Acheter MDMA France - Online MDMA Shop France - +34617763108 - whatsapp signal telegram - panterarosa1772@gmail.com &ndash; Threema: CJBZ5SZX\" \/>\n<meta property=\"article:modified_time\" content=\"2025-11-19T19:23:36+00:00\" \/>\n<meta name=\"twitter:card\" content=\"summary_large_image\" \/>\n<meta name=\"twitter:label1\" content=\"Dur\u00e9e de lecture estim\u00e9e\" \/>\n\t<meta name=\"twitter:data1\" content=\"1 minute\" \/>\n<script type=\"application\/ld+json\" class=\"yoast-schema-graph\">{\"@context\":\"https:\\\/\\\/schema.org\",\"@graph\":[{\"@type\":\"WebPage\",\"@id\":\"https:\\\/\\\/achetermdma.com\\\/index.php\\\/contact-nous\\\/\",\"url\":\"https:\\\/\\\/achetermdma.com\\\/index.php\\\/contact-nous\\\/\",\"name\":\"Contact nous - Dealers des quais de Paris - Acheter MDMA Paris, Acheter MDMA Lyon, Acheter MDMA France - Online MDMA Shop France - +34617763108 - whatsapp signal telegram - panterarosa1772@gmail.com &ndash; Threema: CJBZ5SZX\",\"isPartOf\":{\"@id\":\"https:\\\/\\\/achetermdma.com\\\/#website\"},\"primaryImageOfPage\":{\"@id\":\"https:\\\/\\\/achetermdma.com\\\/index.php\\\/contact-nous\\\/#primaryimage\"},\"image\":{\"@id\":\"https:\\\/\\\/achetermdma.com\\\/index.php\\\/contact-nous\\\/#primaryimage\"},\"thumbnailUrl\":\"https:\\\/\\\/swissfish.cc\\\/wp-content\\\/uploads\\\/2025\\\/07\\\/threema.jpg\",\"datePublished\":\"2023-12-26T19:31:23+00:00\",\"dateModified\":\"2025-11-19T19:23:36+00:00\",\"breadcrumb\":{\"@id\":\"https:\\\/\\\/achetermdma.com\\\/index.php\\\/contact-nous\\\/#breadcrumb\"},\"inLanguage\":\"fr-FR\",\"potentialAction\":[{\"@type\":\"ReadAction\",\"target\":[\"https:\\\/\\\/achetermdma.com\\\/index.php\\\/contact-nous\\\/\"]}]},{\"@type\":\"ImageObject\",\"inLanguage\":\"fr-FR\",\"@id\":\"https:\\\/\\\/achetermdma.com\\\/index.php\\\/contact-nous\\\/#primaryimage\",\"url\":\"https:\\\/\\\/swissfish.cc\\\/wp-content\\\/uploads\\\/2025\\\/07\\\/threema.jpg\",\"contentUrl\":\"https:\\\/\\\/swissfish.cc\\\/wp-content\\\/uploads\\\/2025\\\/07\\\/threema.jpg\"},{\"@type\":\"BreadcrumbList\",\"@id\":\"https:\\\/\\\/achetermdma.com\\\/index.php\\\/contact-nous\\\/#breadcrumb\",\"itemListElement\":[{\"@type\":\"ListItem\",\"position\":1,\"name\":\"Accueil\",\"item\":\"https:\\\/\\\/achetermdma.com\\\/\"},{\"@type\":\"ListItem\",\"position\":2,\"name\":\"Contact nous\"}]},{\"@type\":\"WebSite\",\"@id\":\"https:\\\/\\\/achetermdma.com\\\/#website\",\"url\":\"https:\\\/\\\/achetermdma.com\\\/\",\"name\":\"Dealers des quais de Paris - Acheter MDMA Paris, Acheter MDMA Lyon, Acheter MDMA France - Online MDMA Shop France - +34617763108 - whatsapp signal telegram - panterarosa1772@gmail.com &ndash; Threema: CJBZ5SZX\",\"description\":\"acheter MDMA Paris, MDMA Paris haute qualit\u00e9, livraison MDMA Paris, acheter MDMA Lyon, MDMA Lyon fiable, livraison MDMA Lyon, acheter MDMA Marseille, MDMA Marseille s\u00e9curis\u00e9, livraison MDMA Marseille, acheter MDMA Toulouse, MDMA Toulouse pur, livraison MDMA Toulouse, acheter MDMA Bordeaux, MDMA Bordeaux qualit\u00e9, livraison MDMA Bordeaux, acheter MDMA Nice, MDMA Nice rapide, livraison MDMA Nice, acheter MDMA Lille, MDMA Lille v\u00e9rifi\u00e9, livraison MDMA Lille, acheter MDMA Strasbourg, MDMA Strasbourg s\u00e9curit\u00e9, livraison MDMA Strasbourg, acheter MDMA Nantes, MDMA Nantes haut de gamme, livraison MDMA Nantes, acheter MDMA Rennes, MDMA Rennes fiable, livraison MDMA Rennes, acheter MDMA Montpellier, MDMA Montpellier s\u00e9curis\u00e9, livraison MDMA Montpellier, MDMA Au France, Acheter MDMA\",\"publisher\":{\"@id\":\"https:\\\/\\\/achetermdma.com\\\/#organization\"},\"potentialAction\":[{\"@type\":\"SearchAction\",\"target\":{\"@type\":\"EntryPoint\",\"urlTemplate\":\"https:\\\/\\\/achetermdma.com\\\/?s={search_term_string}\"},\"query-input\":{\"@type\":\"PropertyValueSpecification\",\"valueRequired\":true,\"valueName\":\"search_term_string\"}}],\"inLanguage\":\"fr-FR\"},{\"@type\":\"Organization\",\"@id\":\"https:\\\/\\\/achetermdma.com\\\/#organization\",\"name\":\"Dealers des quais de Paris - Acheter MDMA Paris, Acheter MDMA Lyon, Acheter MDMA France - Online MDMA Shop France - +34617763108 - whatsapp signal telegram - panterarosa1772@gmail.com &ndash; Threema: CJBZ5SZX\",\"url\":\"https:\\\/\\\/achetermdma.com\\\/\",\"logo\":{\"@type\":\"ImageObject\",\"inLanguage\":\"fr-FR\",\"@id\":\"https:\\\/\\\/achetermdma.com\\\/#\\\/schema\\\/logo\\\/image\\\/\",\"url\":\"https:\\\/\\\/achetermdma.com\\\/wp-content\\\/uploads\\\/2023\\\/09\\\/cropped-mdmamonterrey.jpg\",\"contentUrl\":\"https:\\\/\\\/achetermdma.com\\\/wp-content\\\/uploads\\\/2023\\\/09\\\/cropped-mdmamonterrey.jpg\",\"width\":1200,\"height\":500,\"caption\":\"Dealers des quais de Paris - Acheter MDMA Paris, Acheter MDMA Lyon, Acheter MDMA France - Online MDMA Shop France - +34617763108 - whatsapp signal telegram - panterarosa1772@gmail.com &ndash; Threema: CJBZ5SZX\"},\"image\":{\"@id\":\"https:\\\/\\\/achetermdma.com\\\/#\\\/schema\\\/logo\\\/image\\\/\"}}]}<\/script>\n<!-- \/ Yoast SEO plugin. -->","yoast_head_json":{"title":"Contact nous - Dealers des quais de Paris - Acheter MDMA Paris, Acheter MDMA Lyon, Acheter MDMA France - Online MDMA Shop France - +34617763108 - whatsapp signal telegram - panterarosa1772@gmail.com &ndash; Threema: CJBZ5SZX","robots":{"index":"index","follow":"follow","max-snippet":"max-snippet:-1","max-image-preview":"max-image-preview:large","max-video-preview":"max-video-preview:-1"},"canonical":"https:\/\/achetermdma.com\/index.php\/contact-nous\/","og_locale":"fr_FR","og_type":"article","og_title":"Contact nous - Dealers des quais de Paris - Acheter MDMA Paris, Acheter MDMA Lyon, Acheter MDMA France - Online MDMA Shop France - +34617763108 - whatsapp signal telegram - panterarosa1772@gmail.com &ndash; Threema: CJBZ5SZX","og_description":"Contactez-nous : \u00a0 As of July 5, 2025, due to security issues, Telegram issues, and Signal slowness. Signal @telecomadrid.20 +34617763108 \u2013 whatsapp signal\u00a0 telegram \u2013 panterarosa1772@gmail.com \u2013 19.11.2025 \u2013 new \u2013 Nestor \u2013 englais or espagnol SVP \u00a0Threema: CJBZ5SZX Notre Continuer la lecture  Contact nous&rarr;","og_url":"https:\/\/achetermdma.com\/index.php\/contact-nous\/","og_site_name":"Dealers des quais de Paris - Acheter MDMA Paris, Acheter MDMA Lyon, Acheter MDMA France - Online MDMA Shop France - +34617763108 - whatsapp signal telegram - panterarosa1772@gmail.com &ndash; Threema: CJBZ5SZX","article_modified_time":"2025-11-19T19:23:36+00:00","twitter_card":"summary_large_image","twitter_misc":{"Dur\u00e9e de lecture estim\u00e9e":"1 minute"},"schema":{"@context":"https:\/\/schema.org","@graph":[{"@type":"WebPage","@id":"https:\/\/achetermdma.com\/index.php\/contact-nous\/","url":"https:\/\/achetermdma.com\/index.php\/contact-nous\/","name":"Contact nous - Dealers des quais de Paris - Acheter MDMA Paris, Acheter MDMA Lyon, Acheter MDMA France - Online MDMA Shop France - +34617763108 - whatsapp signal telegram - panterarosa1772@gmail.com &ndash; Threema: CJBZ5SZX","isPartOf":{"@id":"https:\/\/achetermdma.com\/#website"},"primaryImageOfPage":{"@id":"https:\/\/achetermdma.com\/index.php\/contact-nous\/#primaryimage"},"image":{"@id":"https:\/\/achetermdma.com\/index.php\/contact-nous\/#primaryimage"},"thumbnailUrl":"https:\/\/swissfish.cc\/wp-content\/uploads\/2025\/07\/threema.jpg","datePublished":"2023-12-26T19:31:23+00:00","dateModified":"2025-11-19T19:23:36+00:00","breadcrumb":{"@id":"https:\/\/achetermdma.com\/index.php\/contact-nous\/#breadcrumb"},"inLanguage":"fr-FR","potentialAction":[{"@type":"ReadAction","target":["https:\/\/achetermdma.com\/index.php\/contact-nous\/"]}]},{"@type":"ImageObject","inLanguage":"fr-FR","@id":"https:\/\/achetermdma.com\/index.php\/contact-nous\/#primaryimage","url":"https:\/\/swissfish.cc\/wp-content\/uploads\/2025\/07\/threema.jpg","contentUrl":"https:\/\/swissfish.cc\/wp-content\/uploads\/2025\/07\/threema.jpg"},{"@type":"BreadcrumbList","@id":"https:\/\/achetermdma.com\/index.php\/contact-nous\/#breadcrumb","itemListElement":[{"@type":"ListItem","position":1,"name":"Accueil","item":"https:\/\/achetermdma.com\/"},{"@type":"ListItem","position":2,"name":"Contact nous"}]},{"@type":"WebSite","@id":"https:\/\/achetermdma.com\/#website","url":"https:\/\/achetermdma.com\/","name":"Dealers des quais de Paris - Acheter MDMA Paris, Acheter MDMA Lyon, Acheter MDMA France - Online MDMA Shop France - +34617763108 - whatsapp signal telegram - panterarosa1772@gmail.com &ndash; Threema: CJBZ5SZX","description":"acheter MDMA Paris, MDMA Paris haute qualit\u00e9, livraison MDMA Paris, acheter MDMA Lyon, MDMA Lyon fiable, livraison MDMA Lyon, acheter MDMA Marseille, MDMA Marseille s\u00e9curis\u00e9, livraison MDMA Marseille, acheter MDMA Toulouse, MDMA Toulouse pur, livraison MDMA Toulouse, acheter MDMA Bordeaux, MDMA Bordeaux qualit\u00e9, livraison MDMA Bordeaux, acheter MDMA Nice, MDMA Nice rapide, livraison MDMA Nice, acheter MDMA Lille, MDMA Lille v\u00e9rifi\u00e9, livraison MDMA Lille, acheter MDMA Strasbourg, MDMA Strasbourg s\u00e9curit\u00e9, livraison MDMA Strasbourg, acheter MDMA Nantes, MDMA Nantes haut de gamme, livraison MDMA Nantes, acheter MDMA Rennes, MDMA Rennes fiable, livraison MDMA Rennes, acheter MDMA Montpellier, MDMA Montpellier s\u00e9curis\u00e9, livraison MDMA Montpellier, MDMA Au France, Acheter MDMA","publisher":{"@id":"https:\/\/achetermdma.com\/#organization"},"potentialAction":[{"@type":"SearchAction","target":{"@type":"EntryPoint","urlTemplate":"https:\/\/achetermdma.com\/?s={search_term_string}"},"query-input":{"@type":"PropertyValueSpecification","valueRequired":true,"valueName":"search_term_string"}}],"inLanguage":"fr-FR"},{"@type":"Organization","@id":"https:\/\/achetermdma.com\/#organization","name":"Dealers des quais de Paris - Acheter MDMA Paris, Acheter MDMA Lyon, Acheter MDMA France - Online MDMA Shop France - +34617763108 - whatsapp signal telegram - panterarosa1772@gmail.com &ndash; Threema: CJBZ5SZX","url":"https:\/\/achetermdma.com\/","logo":{"@type":"ImageObject","inLanguage":"fr-FR","@id":"https:\/\/achetermdma.com\/#\/schema\/logo\/image\/","url":"https:\/\/achetermdma.com\/wp-content\/uploads\/2023\/09\/cropped-mdmamonterrey.jpg","contentUrl":"https:\/\/achetermdma.com\/wp-content\/uploads\/2023\/09\/cropped-mdmamonterrey.jpg","width":1200,"height":500,"caption":"Dealers des quais de Paris - Acheter MDMA Paris, Acheter MDMA Lyon, Acheter MDMA France - Online MDMA Shop France - +34617763108 - whatsapp signal telegram - panterarosa1772@gmail.com &ndash; Threema: CJBZ5SZX"},"image":{"@id":"https:\/\/achetermdma.com\/#\/schema\/logo\/image\/"}}]}},"_links":{"self":[{"href":"https:\/\/achetermdma.com\/index.php\/wp-json\/wp\/v2\/pages\/57","targetHints":{"allow":["GET"]}}],"collection":[{"href":"https:\/\/achetermdma.com\/index.php\/wp-json\/wp\/v2\/pages"}],"about":[{"href":"https:\/\/achetermdma.com\/index.php\/wp-json\/wp\/v2\/types\/page"}],"author":[{"embeddable":true,"href":"https:\/\/achetermdma.com\/index.php\/wp-json\/wp\/v2\/users\/1"}],"replies":[{"embeddable":true,"href":"https:\/\/achetermdma.com\/index.php\/wp-json\/wp\/v2\/comments?post=57"}],"version-history":[{"count":0,"href":"https:\/\/achetermdma.com\/index.php\/wp-json\/wp\/v2\/pages\/57\/revisions"}],"wp:attachment":[{"href":"https:\/\/achetermdma.com\/index.php\/wp-json\/wp\/v2\/media?parent=57"}],"curies":[{"name":"wp","href":"https:\/\/api.w.org\/{rel}","templated":true}]}}