{"id":17,"date":"2023-09-05T19:24:18","date_gmt":"2023-09-05T19:24:18","guid":{"rendered":"https:\/\/achetermdma.com\/?page_id=17"},"modified":"2023-09-05T19:24:18","modified_gmt":"2023-09-05T19:24:18","slug":"acheter-mdma-en-ligne","status":"publish","type":"page","link":"https:\/\/achetermdma.com\/index.php\/acheter-mdma-en-ligne\/","title":{"rendered":"metatags1"},"content":{"rendered":"<p>acheter mdma, mdma<br \/>\nmdma effet<br \/>\nmdma drogue<br \/>\nmdma prix<br \/>\nmdma c&rsquo;est quoi<br \/>\nmdma cristaux<br \/>\nmdma signification<br \/>\nmdma descente<br \/>\nmdma champagne<br \/>\nmdma effets secondaires<br \/>\nmdma risques<br \/>\nmdma amph\u00e9tamines<br \/>\nmdma alcool<br \/>\nmdma australie<br \/>\nmdma addictogene<br \/>\nmdma aphtes<br \/>\nmdma allaitement<br \/>\nmdma autre nom<br \/>\nmdma amour<br \/>\nmdma accoutumance<br \/>\nmdma acide<br \/>\naddiction mdma<br \/>\nadhd and mdma<br \/>\naustralia mdma<br \/>\nalcohol and mdma<br \/>\nalkohol mdma<br \/>\namazon mdma test kit<br \/>\nalcohol y mdma<br \/>\nla mdma effet<br \/>\nla mdma definition<br \/>\nla mdma ne me fait rien<br \/>\nla mdma est elle dangereuse<br \/>\nla mdma c&rsquo;est quoi<br \/>\nla mdma fait maigrir<br \/>\nla mdma cristaux<br \/>\nmdma brune<br \/>\nmdma blanche<br \/>\nmdma bienfaits<br \/>\nmdma bleu<br \/>\nmdma bruxisme<br \/>\nmdma bipolaire<br \/>\nmdma boire de l&rsquo;eau<br \/>\nmdma brain damage<br \/>\nmdma belgique<br \/>\nbristol mdma clinic<br \/>\nbk mdma<br \/>\nbruine mdma<br \/>\nblue mdma<br \/>\nblack mdma<br \/>\nbrown mdma<br \/>\nbrain zaps mdma<br \/>\nbrain damage from mdma<br \/>\nbipolar and mdma<br \/>\nbenefits of mdma<br \/>\nmdma composants<br \/>\nmdma cola<br \/>\nmdma cristaux effet<br \/>\nmdma couleur<br \/>\nmdma coca\u00efne<br \/>\nmdma cachet<br \/>\nmdma consommation<br \/>\nchampagne mdma<br \/>\ncristaux mdma<br \/>\ncola mdma<br \/>\ncuanto dura el mdma en el cuerpo<br \/>\ncena mdma<br \/>\ncouples therapy mdma<br \/>\ncanada mdma therapy<br \/>\ncos&rsquo;\u00e8 mdma<br \/>\nclinical trials mdma<br \/>\ncristalli mdma<br \/>\nmdma idrardan ka\u00e7 g\u00fcnde \u00e7\u0131kar<br \/>\nmdma dur\u00e9e<br \/>\nmdma drogue effet<br \/>\nmdma drogue dure<br \/>\nmdma dependance<br \/>\nmdma dangereux<br \/>\nmdma demi vie<br \/>\nmdma drogue de l&rsquo;amour<br \/>\nmdma dans un verre<br \/>\ndrogue mdma<br \/>\ndescente mdma<br \/>\ndonkey kong mdma<br \/>\ndifference between mda and mdma<br \/>\ndrug interactions with mdma<br \/>\ndepression mdma<br \/>\nmdma effet dur\u00e9e<br \/>\nmdma effet sur le corps<br \/>\nmdma et alcool<br \/>\nmdma en cristaux<br \/>\nmdma et exta<br \/>\nmdma en poudre<br \/>\nmdma et coca\u00efne<br \/>\nmdma et 3mmc<br \/>\neffet mdma<br \/>\neffet secondaire mdma<br \/>\neffet secondaire mdma a long terme<br \/>\neffet drogue mdma<br \/>\neyes on mdma<br \/>\neffects of mdma on the brain<br \/>\nerowid mdma<br \/>\nefectos positivos mdma<br \/>\nel mdma que es<br \/>\nefeitos mdma<br \/>\nmdma \u00e9limination<br \/>\nmdma \u00e9ruption cutan\u00e9e<br \/>\nmdma \u00e9 metanfetamina<br \/>\nmdma \u00e9 bala<br \/>\nmdma en extase<br \/>\nmdma \u00e9 alucin\u00f3geno<br \/>\nmdma \u00e9 viciante<br \/>\nmdma \u00e9chele cabeza<br \/>\nmdma \u00e9 proibido<br \/>\nmdma \u00e9 perigoso<br \/>\n\u00e9craser mdma<br \/>\n\u00e9ruption cutan\u00e9e mdma<br \/>\n\u00e9xtasis cristal mdma<br \/>\n\u00e9tourdissement et mdma<br \/>\n\u00e9pilepsie et mdma<br \/>\n\u00e9xtasis y mdma diferencias<br \/>\n\u00e9xtasis y mdma es lo mismo<br \/>\nefectos del mdma \u00e9xtasis<br \/>\nmdma es igual a \u00e9xtasis<br \/>\nmdma \u00e8 pericolosa<br \/>\nmdma \u00e8 un acido<br \/>\nmdma \u00e8 legale<br \/>\nmdma \u00e8 metanfetam\u00edna<br \/>\nmdma cos&rsquo;\u00e8<br \/>\nmdma droga cos&rsquo;\u00e8<br \/>\nmdma che cos&rsquo;\u00e8<br \/>\ndroga \u00e8 mdma<br \/>\nche cos&rsquo;\u00e8 mdma<br \/>\nche cos&rsquo;\u00e8 l&rsquo;mdma<br \/>\nmetanfetamina \u00e8 mdma<br \/>\nche cos&rsquo;\u00e8 un mdma<br \/>\nmdma (ecstasy) triagem (urina)<br \/>\n\u00e9xtasis<br \/>\nmdma foie<br \/>\nmdma formule chimique<br \/>\nmdma france<br \/>\nmdma frigo<br \/>\nmdma famille<br \/>\nmdma femme enceinte<br \/>\nmdma froid<br \/>\nmdma face<br \/>\nmdma fait dormir<br \/>\nmdma fievre<br \/>\nfumer mdma<br \/>\nfluoxetine and mdma<br \/>\nformule chimique mdma<br \/>\nforum mdma<br \/>\nfda mdma<br \/>\nflashback mdma<br \/>\nfestival mdma<br \/>\nfalse positive mdma<br \/>\nfendi mdma<br \/>\nfda mdma approval<br \/>\nmdma grossesse<br \/>\nmdma gout<br \/>\nmdma grise<br \/>\nmdma gramme<br \/>\nmdma geneve<br \/>\nmdma gonflement levres<br \/>\nmdma gencives<br \/>\nmdma gif<br \/>\ngout mdma<br \/>\ngreen mdma<br \/>\ngold mdma<br \/>\nguided mdma therapy<br \/>\ngreen heineken mdma<br \/>\ngras und mdma<br \/>\ngummy mdma<br \/>\ngabapentin and mdma<br \/>\ngenius mdma<br \/>\ngenius mdma ken carson<br \/>\nmdma hallucinations<br \/>\nmdma hormones<br \/>\nmdma histoire<br \/>\nmdma hemoroide<br \/>\nmdma hallucinogene<br \/>\nmdma hollande<br \/>\nmdma hypertension<br \/>\nmdma heart attack<br \/>\nmdma history<br \/>\nhow long does mdma last<br \/>\nhow much mdma for ptsd<br \/>\nmdma image<br \/>\nmdma insomnie<br \/>\nmdma infection urinaire<br \/>\nmdma isrs<br \/>\nmdma ingr\u00e9dients<br \/>\nmdma ibuprofene<br \/>\nmdma ibiza<br \/>\nmdma intoxication<br \/>\nmdma impuissance<br \/>\nmdma interactions<br \/>\nis mdma fda approved<br \/>\nis mdma legal<br \/>\nis mdma dangerous<br \/>\nis mdma bad for you<br \/>\nimages of mdma<br \/>\nmdma in champagne<br \/>\nmdma in couples therapy<br \/>\nmdma in adhd<br \/>\nmdma in australia<br \/>\nm d m a drogue<br \/>\ni&rsquo;m mad traduction<br \/>\n\u00ef mac<br \/>\nmdma jaune<br \/>\nmdma jvc<br \/>\nmdma jelent\u00e9se<br \/>\nmdma jaw effects<br \/>\nmdma jak brac<br \/>\nmdma jenevieve<br \/>\nmdma jak dziala na mozg<br \/>\nmdma jaw funny<br \/>\nmdma jak dlouho v krvi<br \/>\nmdma jenevieve lyrics<br \/>\njak zrobic mdma<br \/>\njak dlouho je mdma v krvi<br \/>\njak dlouho je mdma ve slinach<br \/>\njellinek mdma<br \/>\njak wyglada mdma<br \/>\njak za\u017cy\u0107 mdma<br \/>\njak pachnie mdma<br \/>\njack 3d mdma<br \/>\njenevieve mdma lyrics<br \/>\njenevieve mdma<br \/>\nmdma kater<br \/>\nmdma krysztal<br \/>\nmdma krystal<br \/>\nmdma kristallen kopen<br \/>\nmdma ken<br \/>\nmdma kleur<br \/>\nmdma ken carson bpm<br \/>\nmdma kerala<br \/>\nmdma kristaly<br \/>\nken carson mdma lyrics<br \/>\nken carson mdma genius<br \/>\nkristallen mdma<br \/>\nkleur mdma<br \/>\nkristalle mdma<br \/>\nkater mdma<br \/>\nmdma and key<br \/>\nmdma liquide<br \/>\nmdma legalisation<br \/>\nmdma lendemain<br \/>\nmdma little sis nora<br \/>\nmdma long terme<br \/>\nmdma legal pays bas<br \/>\nmdma langue<br \/>\nmdma liste<br \/>\nmdma little sis nora lyrics<br \/>\nmdma lait maternel<br \/>\nla mda<br \/>\nlapin mdma<br \/>\nla mda google<br \/>\nla mdma drogue<br \/>\nlittle sis nora mdma<br \/>\nliquide mdma<br \/>\nlegalisation mdma<br \/>\nmdma m\u00e9thamph\u00e9tamine<br \/>\nmdma medicament<br \/>\nmdma mort<br \/>\nmdma marseille<br \/>\nmdma mecanisme d&rsquo;action<br \/>\nmdma musique<br \/>\nmdma musculation<br \/>\nmdma mal de tete<br \/>\nmdma medecine<br \/>\nmdma mal de ventre<br \/>\nmda vs mdma<br \/>\nmaps mdma<br \/>\nmoncler mdma<br \/>\nmicrodosing mdma<br \/>\nmda vs mdma reddit<br \/>\nmetabolism of mdma<br \/>\nmolecular formula of mdma<br \/>\nmechanism of mdma<br \/>\nmdma nom<br \/>\nmdma naturel<br \/>\nmdma noir<br \/>\nmdma neurotoxique<br \/>\nmdma naus\u00e9e<br \/>\nmdma nez<br \/>\nmdma neurotoxicit\u00e9<br \/>\nmdma nice<br \/>\nmdma neurotoxicity<br \/>\nnatural mdma<br \/>\nnetherlands mdma<br \/>\nnepal mdma<br \/>\nnickname for mdma<br \/>\nnews mdma<br \/>\nnz mdma test kit<br \/>\nmdma ou exta<br \/>\nmdma origine<br \/>\nmdma ou taz<br \/>\nmdma odeur<br \/>\nmdma ou coke<br \/>\nmdma ou 3mmc<br \/>\nmdma ou alcool<br \/>\nmdma ou s&rsquo;en procurer<br \/>\nmdma overdose symptoms<br \/>\nmdma opioide<br \/>\noverdose mdma quantit\u00e9<br \/>\noctopus mdma<br \/>\noxytocin mdma<br \/>\nother words for mdma<br \/>\nmdma \u00f6verdos<br \/>\nmdma \u00f6verdos flashback<br \/>\nmdma \u00f6sterreich<br \/>\nmdma \u00f6gon flashback<br \/>\nmdma \u00f6l<br \/>\nmdma \u00f6verit<br \/>\n\u00f6verdosera mdma<br \/>\nmdma psychotherapie \u00f6sterreich<br \/>\nmdma \u00f6gon<br \/>\nmdma \u00f6ld\u00fcr\u00fcr m\u00fc<br \/>\n\u00f6verdos mdma<br \/>\n\u00f6verdos p\u00e5 mdma<br \/>\n\u00f6verdos mdma flashback<br \/>\nmdma therapie \u00f6sterreich<br \/>\nmdma psychoactif<br \/>\nmdma paris<br \/>\nmdma psychonaut<br \/>\nmdma prise<br \/>\nmdma punisher<br \/>\nmdma peremption<br \/>\nmdma photo<br \/>\nmdma pupilles<br \/>\nmdma plante<br \/>\nprix mdma<br \/>\npure mdma<br \/>\npunisher mdma<br \/>\npanama mdma<br \/>\npsychonaut mdma<br \/>\nptsd mdma<br \/>\npink mdma<br \/>\npictures of mdma<br \/>\nptsd mdma therapy<br \/>\nprecio mdma<br \/>\nmdma quantite<br \/>\nmdma qu&rsquo;est ce que c&rsquo;est<br \/>\nmdma quelle dose<br \/>\nmdma quelle quantite<br \/>\nmdma quebec<br \/>\nmdma qui ne monte pas<br \/>\nmdma que es en espa\u00f1ol<br \/>\nmdma que se siente<br \/>\nmdma quotes<br \/>\nmdma que contiene<br \/>\nque es el mdma cristal<br \/>\nqu&rsquo;est ce que la mdma<br \/>\nque veut dire mdma<br \/>\nquels sont les effets de la mdma<br \/>\nquantit\u00e9 de mdma<br \/>\nque hacer mdma<br \/>\nquotes about mdma<br \/>\nque es mdma pastillas<br \/>\nque es mdma en medicina<br \/>\nque es mdma en espa\u00f1ol<br \/>\nmdma redescente<br \/>\nmdma rose<br \/>\nmdma reins<br \/>\nmdma reportage<br \/>\nmdma reste combien de temps<br \/>\nmdma risques cerveau<br \/>\nmdma retention urinaire<br \/>\nmdma roche<br \/>\nredescente mdma<br \/>\nrisques mdma<br \/>\nredbull mdma<br \/>\nrolex mdma<br \/>\nretreat mdma<br \/>\nresearch mdma<br \/>\nrapper mdma<br \/>\nmdma sympt\u00f4mes<br \/>\nmdma stress post traumatique<br \/>\nmdma sommeil<br \/>\nmdma sport<br \/>\nmdma schizophr\u00e9nie<br \/>\nmdma surdose<br \/>\nmdma surnom<br \/>\nmdma suisse<br \/>\nmdma sant\u00e9<br \/>\nsertraline and mdma<br \/>\nsignification mdma<br \/>\nserotonin syndrome mdma<br \/>\nsymptoms of mdma overdose<br \/>\nsnuiven mdma<br \/>\nsta je mdma<br \/>\nstock mdma<br \/>\nschweiz mdma therapie<br \/>\nsong mdma<br \/>\nstructure of mdma<br \/>\nmdma therapy<br \/>\nmdma taz<br \/>\nmdma traduction<br \/>\nmdma transpiration<br \/>\nmdma therapy france<br \/>\nmdma traitement<br \/>\nmdma tdah<br \/>\nmdma tremblement<br \/>\nmdma transparente<br \/>\nmdma tous les jours<br \/>\ntesla mdma<br \/>\ntherapie mdma<br \/>\nthis mdma got me feeling<br \/>\nthe difference between mda and mdma<br \/>\nthe definition of mdma<br \/>\nthe benefits of mdma<br \/>\ntoxicity of mdma<br \/>\nusine de mdma<br \/>\nunotheactivist mdma<br \/>\nucinky mdma<br \/>\nurine positive for mdma<br \/>\nurinary retention mdma<br \/>\nuzaleznienie od mdma<br \/>\nuk mdma therapy<br \/>\nusa mdma<br \/>\nmd drogue danger<br \/>\nu m d<br \/>\nmdma vs exta<br \/>\nmdma vomissement<br \/>\nmdma vs taz<br \/>\nmdma visage<br \/>\nmdma verre<br \/>\nmdma vs alcool<br \/>\nmdma vertiges<br \/>\nmdma video<br \/>\nmdma vidal<br \/>\nmdma vessie<br \/>\nvomissement mdma<br \/>\nvice mdma<br \/>\nverschil mdma en xtc<br \/>\nvideo mdma<br \/>\nviagra and mdma<br \/>\nvomiting on mdma<br \/>\nverslaving mdma<br \/>\nvancouver mdma<br \/>\nmdma wikipedia english<br \/>\nmdma withdrawal symptoms<br \/>\nwhat is mdma for ptsd<br \/>\nxtc en mdma combineren<br \/>\nxtc met mdma<br \/>\nx vs mdma<br \/>\nxtc en mdma hetzelfde<br \/>\nx\u00e9t nghi\u1ec7m mdma<br \/>\nxtc mdma verschil<br \/>\nmdma yeux<br \/>\nmdma y alcohol<br \/>\nmdma y marihuana<br \/>\nmdma y antidepresivos<br \/>\nmdma y mda<br \/>\nmdma youtube<br \/>\nmdma y cocaina<br \/>\nmdma y extasis es lo mismo<br \/>\nmdma y metanfetamina<br \/>\nmdma y sertralina<br \/>\nyeux mdma<br \/>\nyahoo finance mdma<br \/>\nyellow mdma<br \/>\nyoutube mdma<br \/>\nyawning on mdma<br \/>\nyour brain on mdma<br \/>\nmdma znacenje<br \/>\nmdma zjazd<br \/>\nmdma zusammensetzung<br \/>\nmdma zwei tage hintereinander<br \/>\nmdma zwangerschap<br \/>\nmdma z czego jest<br \/>\nmdma zurich<br \/>\nmdma zejscie<br \/>\nmdma zjazd hyperreal<br \/>\nmdma z\u00e4hne<br \/>\nzjazd po mdma<br \/>\nziek na mdma<br \/>\nzit er mdma in 3mmc<br \/>\nzatrucie mdma<br \/>\nzapach mdma<br \/>\nzawodnik mdma<br \/>\nzit er speed in mdma<br \/>\nzunge mdma<br \/>\nzofran and mdma<br \/>\nzu viel mdma was tun<br \/>\nmdma 0.5<br \/>\nmdma 0.2<br \/>\nmdma-locator-p-01<br \/>\nmdma-locator-s-01<br \/>\nmdma-extract tool-01<br \/>\n0.3g mdma<br \/>\n.05 mdma reddit<br \/>\n0.7 mm<br \/>\n0.3g mdma reddit<br \/>\n0 1 g mdma<br \/>\n0.5 mdma<br \/>\n1 gramme de mdma<br \/>\n1 gram mdma preis<br \/>\nmdma 1.5 mg<br \/>\n10 panel + oxy + mdma<br \/>\nmdma 2 jours de suite<br \/>\nmdma 2023<br \/>\nmdma 2022<br \/>\nmdma 2 dagen achter elkaar<br \/>\nmdma 2024<br \/>\nmdma 2.0<br \/>\nmdma 2023 fda forum<br \/>\nmdma 2017<br \/>\n2 tage hintereinander mdma<br \/>\n2 dagen achter elkaar mdma<br \/>\n2023 mdma<br \/>\nmdma 3mmc<br \/>\nmdma 33<br \/>\nmdma 3 mg<br \/>\nmdma 3d model<br \/>\nmdma 3mmc combineren<br \/>\nmdma 3cmc<br \/>\nmdma 3 tage hintereinander<br \/>\nmdma 350<br \/>\n3mmc met mdma<br \/>\n3mmc en mdma combineren<br \/>\n33 mdma<br \/>\n350mg mdma<br \/>\n3 month mdma<br \/>\n45105n &#8211; sap 5-50+mdma\/6am\/t (urine)<br \/>\n45190n &#8211; sap 10-50+mdma\/6am\/t (urine)<br \/>\n4 letter mdma<br \/>\n4 letter mdma gummies<br \/>\n45186n &#8211; sap 9-50+mdma\/6am\/t (urine)<br \/>\n450mg mdma<br \/>\n40mg mdma<br \/>\n4 fma vs mdma<br \/>\n4 mmc en mdma<br \/>\n40000 mdma pills<br \/>\n56 kilo mdma onderschept<br \/>\n5 htp na mdma<br \/>\n5+6am+mdma+oxy lc-integrated<br \/>\n5ht2a mdma<br \/>\n6-cl-mdma<br \/>\n6-chloro-mdma<br \/>\n69 mdma pills<br \/>\n6apb and mdma combo<br \/>\n10sap+6am\/mdma\/oxy\/svt<br \/>\n10sap+6am\/og bzk2\/mdma\/oxy\/svt<br \/>\nmdma 7 years<br \/>\n700mg mdma<br \/>\n75mg mdma reddit<br \/>\n8 ball mdma pill<br \/>\n800mg mdma<br \/>\n80 mg dosage mdma<br \/>\nmdma 80<br \/>\nmsap 8-20+mdma\/al\/ts<br \/>\ndelta 8 and mdma<br \/>\npink 8 ball mdma<br \/>\nmdma schedule 8<br \/>\n83 mdma<br \/>\nmdma_9 twitter<br \/>\ncloud 9 mdma test kit<br \/>\n9+mdma+oxycodone-bund<br \/>\n98 mdma<br \/>\nmdma pille 9mm<br \/>\n9mm mdma<br \/>\nmdma anni 90<br \/>\n9 news mdma<br \/>\n9 panel drug test mdma<br \/>\n9 panel + mdma<br \/>\nmdma in the 90s<br \/>\nsap 9-50\/op+mdma<br \/>\nsap 9-50+mdma\/6am\/t<br \/>\nm d m a drogue<br \/>\nacheter du modafinil<br \/>\nou acheter mdma paris<br \/>\nacheter du g<br \/>\nh&amp;m acheter en ligne<br \/>\nou acheter de l&rsquo;etamine<br \/>\nnouvelle drogue m3<br \/>\n1 gramme de md<br \/>\n1g de md<br \/>\n3 md drogue<br \/>\n4 mec achat<br \/>\n5 mmc<br \/>\nachat 5\u20ac<\/p>\n<div class='smartthreema_box'><img src='https:\/\/achetermdma.com\/wp-content\/plugins\/smart-threema\/images\/floating-button-threema-klein.png' class='smartthreema_img'><a href='https:\/\/three.ma\/CJBZ5SZX' target='_blank' class='smartthreema_link'>Please Download Threema App<\/a><br><div class='smartthreema_minimsg'>to your Mobile Device and click again<\/div><\/div>","protected":false},"excerpt":{"rendered":"<p>acheter mdma, mdma mdma effet mdma drogue mdma prix mdma c&rsquo;est quoi mdma cristaux mdma signification mdma descente mdma champagne mdma effets secondaires mdma risques mdma amph\u00e9tamines mdma alcool mdma australie mdma addictogene mdma aphtes mdma allaitement mdma autre nom <a class=\"more-link\" href=\"https:\/\/achetermdma.com\/index.php\/acheter-mdma-en-ligne\/\">Continuer la lecture <span class=\"screen-reader-text\">  metatags1<\/span><span class=\"meta-nav\">&rarr;<\/span><\/a><\/p>\n","protected":false},"author":1,"featured_media":0,"parent":0,"menu_order":0,"comment_status":"closed","ping_status":"closed","template":"","meta":{"footnotes":""},"class_list":["post-17","page","type-page","status-publish","hentry"],"yoast_head":"<!-- This site is optimized with the Yoast SEO plugin v27.4 - https:\/\/yoast.com\/product\/yoast-seo-wordpress\/ -->\n<title>acheter mdma en ligne<\/title>\n<meta name=\"description\" content=\"acheter mdma en ligne , achetermdma.com, comme acheter mdma au ligne, MDMA francais, mdma paris, mdma lyon, mdma montpellier, mdma normandie\" \/>\n<meta name=\"robots\" content=\"index, follow, max-snippet:-1, max-image-preview:large, max-video-preview:-1\" \/>\n<link rel=\"canonical\" href=\"https:\/\/achetermdma.com\/index.php\/acheter-mdma-en-ligne\/\" \/>\n<meta property=\"og:locale\" content=\"fr_FR\" \/>\n<meta property=\"og:type\" content=\"article\" \/>\n<meta property=\"og:title\" content=\"acheter mdma en ligne\" \/>\n<meta property=\"og:description\" content=\"acheter mdma en ligne , achetermdma.com, comme acheter mdma au ligne, MDMA francais, mdma paris, mdma lyon, mdma montpellier, mdma normandie\" \/>\n<meta property=\"og:url\" content=\"https:\/\/achetermdma.com\/index.php\/acheter-mdma-en-ligne\/\" \/>\n<meta property=\"og:site_name\" content=\"Dealers des quais de Paris - Acheter MDMA Paris, Acheter MDMA Lyon, Acheter MDMA France - Online MDMA Shop France - +34617763108 - whatsapp signal telegram - panterarosa1772@gmail.com &ndash; Threema: CJBZ5SZX\" \/>\n<meta name=\"twitter:card\" content=\"summary_large_image\" \/>\n<meta name=\"twitter:label1\" content=\"Dur\u00e9e de lecture estim\u00e9e\" \/>\n\t<meta name=\"twitter:data1\" content=\"9 minutes\" \/>\n<script type=\"application\/ld+json\" class=\"yoast-schema-graph\">{\"@context\":\"https:\\\/\\\/schema.org\",\"@graph\":[{\"@type\":\"WebPage\",\"@id\":\"https:\\\/\\\/achetermdma.com\\\/index.php\\\/acheter-mdma-en-ligne\\\/\",\"url\":\"https:\\\/\\\/achetermdma.com\\\/index.php\\\/acheter-mdma-en-ligne\\\/\",\"name\":\"acheter mdma en ligne\",\"isPartOf\":{\"@id\":\"https:\\\/\\\/achetermdma.com\\\/#website\"},\"datePublished\":\"2023-09-05T19:24:18+00:00\",\"description\":\"acheter mdma en ligne , achetermdma.com, comme acheter mdma au ligne, MDMA francais, mdma paris, mdma lyon, mdma montpellier, mdma normandie\",\"breadcrumb\":{\"@id\":\"https:\\\/\\\/achetermdma.com\\\/index.php\\\/acheter-mdma-en-ligne\\\/#breadcrumb\"},\"inLanguage\":\"fr-FR\",\"potentialAction\":[{\"@type\":\"ReadAction\",\"target\":[\"https:\\\/\\\/achetermdma.com\\\/index.php\\\/acheter-mdma-en-ligne\\\/\"]}]},{\"@type\":\"BreadcrumbList\",\"@id\":\"https:\\\/\\\/achetermdma.com\\\/index.php\\\/acheter-mdma-en-ligne\\\/#breadcrumb\",\"itemListElement\":[{\"@type\":\"ListItem\",\"position\":1,\"name\":\"Accueil\",\"item\":\"https:\\\/\\\/achetermdma.com\\\/\"},{\"@type\":\"ListItem\",\"position\":2,\"name\":\"metatags1\"}]},{\"@type\":\"WebSite\",\"@id\":\"https:\\\/\\\/achetermdma.com\\\/#website\",\"url\":\"https:\\\/\\\/achetermdma.com\\\/\",\"name\":\"Dealers des quais de Paris - Acheter MDMA Paris, Acheter MDMA Lyon, Acheter MDMA France - Online MDMA Shop France - +34617763108 - whatsapp signal telegram - panterarosa1772@gmail.com &ndash; Threema: CJBZ5SZX\",\"description\":\"acheter MDMA Paris, MDMA Paris haute qualit\u00e9, livraison MDMA Paris, acheter MDMA Lyon, MDMA Lyon fiable, livraison MDMA Lyon, acheter MDMA Marseille, MDMA Marseille s\u00e9curis\u00e9, livraison MDMA Marseille, acheter MDMA Toulouse, MDMA Toulouse pur, livraison MDMA Toulouse, acheter MDMA Bordeaux, MDMA Bordeaux qualit\u00e9, livraison MDMA Bordeaux, acheter MDMA Nice, MDMA Nice rapide, livraison MDMA Nice, acheter MDMA Lille, MDMA Lille v\u00e9rifi\u00e9, livraison MDMA Lille, acheter MDMA Strasbourg, MDMA Strasbourg s\u00e9curit\u00e9, livraison MDMA Strasbourg, acheter MDMA Nantes, MDMA Nantes haut de gamme, livraison MDMA Nantes, acheter MDMA Rennes, MDMA Rennes fiable, livraison MDMA Rennes, acheter MDMA Montpellier, MDMA Montpellier s\u00e9curis\u00e9, livraison MDMA Montpellier, MDMA Au France, Acheter MDMA\",\"publisher\":{\"@id\":\"https:\\\/\\\/achetermdma.com\\\/#organization\"},\"potentialAction\":[{\"@type\":\"SearchAction\",\"target\":{\"@type\":\"EntryPoint\",\"urlTemplate\":\"https:\\\/\\\/achetermdma.com\\\/?s={search_term_string}\"},\"query-input\":{\"@type\":\"PropertyValueSpecification\",\"valueRequired\":true,\"valueName\":\"search_term_string\"}}],\"inLanguage\":\"fr-FR\"},{\"@type\":\"Organization\",\"@id\":\"https:\\\/\\\/achetermdma.com\\\/#organization\",\"name\":\"Dealers des quais de Paris - Acheter MDMA Paris, Acheter MDMA Lyon, Acheter MDMA France - Online MDMA Shop France - +34617763108 - whatsapp signal telegram - panterarosa1772@gmail.com &ndash; Threema: CJBZ5SZX\",\"url\":\"https:\\\/\\\/achetermdma.com\\\/\",\"logo\":{\"@type\":\"ImageObject\",\"inLanguage\":\"fr-FR\",\"@id\":\"https:\\\/\\\/achetermdma.com\\\/#\\\/schema\\\/logo\\\/image\\\/\",\"url\":\"https:\\\/\\\/achetermdma.com\\\/wp-content\\\/uploads\\\/2023\\\/09\\\/cropped-mdmamonterrey.jpg\",\"contentUrl\":\"https:\\\/\\\/achetermdma.com\\\/wp-content\\\/uploads\\\/2023\\\/09\\\/cropped-mdmamonterrey.jpg\",\"width\":1200,\"height\":500,\"caption\":\"Dealers des quais de Paris - Acheter MDMA Paris, Acheter MDMA Lyon, Acheter MDMA France - Online MDMA Shop France - +34617763108 - whatsapp signal telegram - panterarosa1772@gmail.com &ndash; Threema: CJBZ5SZX\"},\"image\":{\"@id\":\"https:\\\/\\\/achetermdma.com\\\/#\\\/schema\\\/logo\\\/image\\\/\"}}]}<\/script>\n<!-- \/ Yoast SEO plugin. -->","yoast_head_json":{"title":"acheter mdma en ligne","description":"acheter mdma en ligne , achetermdma.com, comme acheter mdma au ligne, MDMA francais, mdma paris, mdma lyon, mdma montpellier, mdma normandie","robots":{"index":"index","follow":"follow","max-snippet":"max-snippet:-1","max-image-preview":"max-image-preview:large","max-video-preview":"max-video-preview:-1"},"canonical":"https:\/\/achetermdma.com\/index.php\/acheter-mdma-en-ligne\/","og_locale":"fr_FR","og_type":"article","og_title":"acheter mdma en ligne","og_description":"acheter mdma en ligne , achetermdma.com, comme acheter mdma au ligne, MDMA francais, mdma paris, mdma lyon, mdma montpellier, mdma normandie","og_url":"https:\/\/achetermdma.com\/index.php\/acheter-mdma-en-ligne\/","og_site_name":"Dealers des quais de Paris - Acheter MDMA Paris, Acheter MDMA Lyon, Acheter MDMA France - Online MDMA Shop France - +34617763108 - whatsapp signal telegram - panterarosa1772@gmail.com &ndash; Threema: CJBZ5SZX","twitter_card":"summary_large_image","twitter_misc":{"Dur\u00e9e de lecture estim\u00e9e":"9 minutes"},"schema":{"@context":"https:\/\/schema.org","@graph":[{"@type":"WebPage","@id":"https:\/\/achetermdma.com\/index.php\/acheter-mdma-en-ligne\/","url":"https:\/\/achetermdma.com\/index.php\/acheter-mdma-en-ligne\/","name":"acheter mdma en ligne","isPartOf":{"@id":"https:\/\/achetermdma.com\/#website"},"datePublished":"2023-09-05T19:24:18+00:00","description":"acheter mdma en ligne , achetermdma.com, comme acheter mdma au ligne, MDMA francais, mdma paris, mdma lyon, mdma montpellier, mdma normandie","breadcrumb":{"@id":"https:\/\/achetermdma.com\/index.php\/acheter-mdma-en-ligne\/#breadcrumb"},"inLanguage":"fr-FR","potentialAction":[{"@type":"ReadAction","target":["https:\/\/achetermdma.com\/index.php\/acheter-mdma-en-ligne\/"]}]},{"@type":"BreadcrumbList","@id":"https:\/\/achetermdma.com\/index.php\/acheter-mdma-en-ligne\/#breadcrumb","itemListElement":[{"@type":"ListItem","position":1,"name":"Accueil","item":"https:\/\/achetermdma.com\/"},{"@type":"ListItem","position":2,"name":"metatags1"}]},{"@type":"WebSite","@id":"https:\/\/achetermdma.com\/#website","url":"https:\/\/achetermdma.com\/","name":"Dealers des quais de Paris - Acheter MDMA Paris, Acheter MDMA Lyon, Acheter MDMA France - Online MDMA Shop France - +34617763108 - whatsapp signal telegram - panterarosa1772@gmail.com &ndash; Threema: CJBZ5SZX","description":"acheter MDMA Paris, MDMA Paris haute qualit\u00e9, livraison MDMA Paris, acheter MDMA Lyon, MDMA Lyon fiable, livraison MDMA Lyon, acheter MDMA Marseille, MDMA Marseille s\u00e9curis\u00e9, livraison MDMA Marseille, acheter MDMA Toulouse, MDMA Toulouse pur, livraison MDMA Toulouse, acheter MDMA Bordeaux, MDMA Bordeaux qualit\u00e9, livraison MDMA Bordeaux, acheter MDMA Nice, MDMA Nice rapide, livraison MDMA Nice, acheter MDMA Lille, MDMA Lille v\u00e9rifi\u00e9, livraison MDMA Lille, acheter MDMA Strasbourg, MDMA Strasbourg s\u00e9curit\u00e9, livraison MDMA Strasbourg, acheter MDMA Nantes, MDMA Nantes haut de gamme, livraison MDMA Nantes, acheter MDMA Rennes, MDMA Rennes fiable, livraison MDMA Rennes, acheter MDMA Montpellier, MDMA Montpellier s\u00e9curis\u00e9, livraison MDMA Montpellier, MDMA Au France, Acheter MDMA","publisher":{"@id":"https:\/\/achetermdma.com\/#organization"},"potentialAction":[{"@type":"SearchAction","target":{"@type":"EntryPoint","urlTemplate":"https:\/\/achetermdma.com\/?s={search_term_string}"},"query-input":{"@type":"PropertyValueSpecification","valueRequired":true,"valueName":"search_term_string"}}],"inLanguage":"fr-FR"},{"@type":"Organization","@id":"https:\/\/achetermdma.com\/#organization","name":"Dealers des quais de Paris - Acheter MDMA Paris, Acheter MDMA Lyon, Acheter MDMA France - Online MDMA Shop France - +34617763108 - whatsapp signal telegram - panterarosa1772@gmail.com &ndash; Threema: CJBZ5SZX","url":"https:\/\/achetermdma.com\/","logo":{"@type":"ImageObject","inLanguage":"fr-FR","@id":"https:\/\/achetermdma.com\/#\/schema\/logo\/image\/","url":"https:\/\/achetermdma.com\/wp-content\/uploads\/2023\/09\/cropped-mdmamonterrey.jpg","contentUrl":"https:\/\/achetermdma.com\/wp-content\/uploads\/2023\/09\/cropped-mdmamonterrey.jpg","width":1200,"height":500,"caption":"Dealers des quais de Paris - Acheter MDMA Paris, Acheter MDMA Lyon, Acheter MDMA France - Online MDMA Shop France - +34617763108 - whatsapp signal telegram - panterarosa1772@gmail.com &ndash; Threema: CJBZ5SZX"},"image":{"@id":"https:\/\/achetermdma.com\/#\/schema\/logo\/image\/"}}]}},"_links":{"self":[{"href":"https:\/\/achetermdma.com\/index.php\/wp-json\/wp\/v2\/pages\/17","targetHints":{"allow":["GET"]}}],"collection":[{"href":"https:\/\/achetermdma.com\/index.php\/wp-json\/wp\/v2\/pages"}],"about":[{"href":"https:\/\/achetermdma.com\/index.php\/wp-json\/wp\/v2\/types\/page"}],"author":[{"embeddable":true,"href":"https:\/\/achetermdma.com\/index.php\/wp-json\/wp\/v2\/users\/1"}],"replies":[{"embeddable":true,"href":"https:\/\/achetermdma.com\/index.php\/wp-json\/wp\/v2\/comments?post=17"}],"version-history":[{"count":0,"href":"https:\/\/achetermdma.com\/index.php\/wp-json\/wp\/v2\/pages\/17\/revisions"}],"wp:attachment":[{"href":"https:\/\/achetermdma.com\/index.php\/wp-json\/wp\/v2\/media?parent=17"}],"curies":[{"name":"wp","href":"https:\/\/api.w.org\/{rel}","templated":true}]}}